e remainder when 13894 is divided by 386.
384
Calculate the remainder when 111929 is divided by 37276.
101
Calculate the remainder when 6338 is divided by 19.
11
Calculate the remainder when 426501 is divided by 214.
213
What is the remainder when 9330 is divided by 7973?
1357
What is the remainder when 5115 is divided by 341?
0
Calculate the remainder when 78610 is divided by 23.
19
Calculate the remainder when 1013 is divided by 115.
93
Calculate the remainder when 369970 is divided by 717.
715
What is the remainder when 21948 is divided by 7265?
153
What is the remainder when 100464 is divided by 299?
0
Calculate the remainder when 4221 is divided by 92.
81
Calculate the remainder when 131717 is divided by 2439.
11
Calculate the remainder when 680469 is divided by 18.
15
Calculate the remainder when 1026748 is divided by 370.
368
What is the remainder when 75663 is divided by 72?
63
What is the remainder when 12603 is divided by 4196?
15
What is the remainder when 980 is divided by 242?
12
What is the remainder when 20508 is divided by 297?
15
What is the remainder when 138291 is divided by 269?
25
What is the remainder when 8860 is divided by 164?
4
Calculate the remainder when 3456 is divided by 1704.
48
Calculate the remainder when 4668 is divided by 932.
8
Calculate the remainder when 313884 is divided by 439.
438
What is the remainder when 2551 is divided by 138?
67
What is the remainder when 159629 is divided by 502?
495
What is the remainder when 2236 is divided by 782?
672
Calculate the remainder when 6545 is divided by 39.
32
Calculate the remainder when 7942 is divided by 794.
2
Calculate the remainder when 1389 is divided by 591.
207
Calculate the remainder when 465662 is divided by 780.
2
Calculate the remainder when 54142 is divided by 144.
142
Calculate the remainder when 110565 is divided by 4.
1
Calculate the remainder when 2252974 is divided by 374.
372
What is the remainder when 11846 is divided by 276?
254
What is the remainder when 170210 is divided by 186?
20
Calculate the remainder when 3866 is divided by 14.
2
Calculate the remainder when 597022 is divided by 203.
202
What is the remainder when 1299 is divided by 26?
25
Calculate the remainder when 296267 is divided by 629.
8
What is the remainder when 6881 is divided by 176?
17
What is the remainder when 162124 is divided by 462?
424
Calculate the remainder when 84096 is divided by 9344.
0
What is the remainder when 10975 is divided by 1115?
940
Calculate the remainder when 4401 is divided by 4072.
329
Calculate the remainder when 819262 is divided by 1506.
1504
What is the remainder when 35949 is divided by 293?
203
What is the remainder when 457 is divided by 403?
54
Calculate the remainder when 3935 is divided by 163.
23
Calculate the remainder when 32105 is divided by 292.
277
What is the remainder when 32469 is divided by 462?
129
What is the remainder when 157050 is divided by 94?
70
What is the remainder when 5838 is divided by 52?
14
What is the remainder when 41197 is divided by 20573?
51
Calculate the remainder when 1221 is divided by 387.
60
What is the remainder when 24170 is divided by 8053?
11
Calculate the remainder when 4605 is divided by 216.
69
Calculate the remainder when 532428 is divided by 76060.
8
What is the remainder when 6567 is divided by 124?
119
What is the remainder when 19569 is divided by 4872?
81
Calculate the remainder when 26255 is divided by 625.
5
What is the remainder when 5921 is divided by 8?
1
Calculate the remainder when 3783 is divided by 538.
17
What is the remainder when 473 is divided by 106?
49
What is the remainder when 4018 is divided by 309?
1
Calculate the remainder when 207099 is divided by 622.
595
Calculate the remainder when 2844 is divided by 328.
220
What is the remainder when 334889 is divided by 610?
609
What is the remainder when 338111 is divided by 395?
386
What is the remainder when 294293 is divided by 1082?
1071
Calculate the remainder when 625 is divided by 151.
21
Calculate the remainder when 33815 is divided by 105.
5
Calculate the remainder when 13061 is divided by 593.
15
Calculate the remainder when 919453 is divided by 546.
535
Calculate the remainder when 30031 is divided by 58.
45
Calculate the remainder when 97503 is divided by 554.
553
What is the remainder when 5283 is divided by 91?
5
What is the remainder when 1828 is divided by 457?
0
Calculate the remainder when 136399 is divided by 28.
11
What is the remainder when 1214 is divided by 1165?
49
What is the remainder when 11195 is divided by 5461?
273
Calculate the remainder when 15866 is divided by 530.
496
Calculate the remainder when 411078 is divided by 205498.
82
Calculate the remainder when 16857 is divided by 411.
6
Calculate the remainder when 17944 is divided by 4482.
16
What is the remainder when 114628 is divided by 11?
8
What is the remainder when 25093 is divided by 896?
5
Calculate the remainder when 76734 is divided by 278.
6
What is the remainder when 13050 is divided by 18?
0
Calculate the remainder when 150438 is divided by 75212.
14
Calculate the remainder when 3008 is divided by 958.
134
Calculate the remainder when 166356 is divided by 23.
20
Calculate the remainder when 380584 is divided by 29.
17
Calculate the remainder when 69039 is divided by 1381.
1370
Calculate the remainder when 2319 is divided by 101.
97
What is the remainder when 35515 is divided by 1186?
1121
Calculate the remainder when 14737 is divided by 11.
8
What is the remainder when 917 is divided by 886?
31
What is the remainder when 10509 is divided by 8?
5
Calculate the remainder when 6548 is divided by 732.
692
What is the remainder when 90912 is divided by 1098?
876
What is the remainder when 868434 is divided by 20?
14
What is the remainder when 432897 is divided by 11?
3
What is the remainder when 21912 is divided by 219?
12
What is the remainder when 6369 is divided by 27?
24
What is the remainder when 111372 is divided by 119?
107
Calculate the remainder when 1926511 is divided by 249.
247
What is the remainder when 16198 is divided by 100?
98
What is the remainder when 99658 is divided by 33214?
16
What is the remainder when 5471 is divided by 421?
419
What is the remainder when 74381 is divided by 4375?
6
What is the remainder when 61342 is divided by 24?
22
What is the remainder when 6851 is divided by 6472?
379
Calculate the remainder when 24896 is divided by 3111.
8
Calculate the remainder when 8135 is divided by 336.
71
What is the remainder when 1684 is divided by 126?
46
Calculate the remainder when 44519 is divided by 20.
19
Calculate the remainder when 24241 is divided by 12118.
5
What is the remainder when 49988 is divided by 7133?
57
What is the remainder when 294 is divided by 272?
22
Calculate the remainder when 5271 is divided by 5.
1
What is the remainder when 54180 is divided by 92?
84
Calculate the remainder when 24129 is divided by 91.
14
Calculate the remainder when 1755 is divided by 210.
75
What is the remainder when 4411 is divided by 181?
67
Calculate the remainder when 1067 is divided by 737.
330
Calculate the remainder when 35688 is divided by 5947.
6
Calculate the remainder when 105839 is divided by 188.
183
What is the remainder when 8490 is divided by 471?
12
Calculate the remainder when 18005 is divided by 185.
60
Calculate the remainder when 2271 is divided by 455.
451
What is the remainder when 8996 is divided by 540?
356
What is the remainder when 892685 is divided by 31?
9
Calculate the remainder when 3231 is divided by 3210.
21
What is the remainder when 403 is divided by 301?
102
Calculate the remainder when 1247 is divided by 242.
37
Calculate the remainder when 1469 is divided by 659.
151
What is the remainder when 8989 is divided by 75?
64
Calculate the remainder when 139619 is divided by 84.
11
Calculate the remainder when 5973 is divided by 9.
6
What is the remainder when 125986 is divided by 125?
111
Calculate the remainder when 4536304 is divided by 19.
16
Calculate the remainder when 1517 is divided by 8.
5
Calculate the remainder when 467981 is divided by 244.
233
Calculate the remainder when 2218 is divided by 721.
55
What is the remainder when 13393 is divided by 15?
13
Calculate the remainde